+ 5*o. Let r = -6 - i. What is the units digit of r?
1
Let q(a) = 80*a**3 - 2*a + 1. What is the units digit of q(1)?
9
Suppose -2*t = 2*x + 2*x - 8, -x = -1. Suppose 3*v = 4*j - 39, 3*v + 23 = t*j - 2*v. Let u = j + -1. What is the units digit of u?
8
Suppose 2*r - 12 = -r. Let n = 1 + r. What is the units digit of n?
5
Suppose -2*g + 5*q = -40, -4 = 2*q + 4. Let l(f) = -5 + 0*f**2 - f**2 + g*f - 2*f. What is the units digit of l(5)?
0
Let k(y) = y**3 - 6*y**2 - 5*y + 6. What is the tens digit of k(7)?
2
Suppose 3*v - 5*h = -54 + 174, -3*v + 96 = 3*h. What is the tens digit of v?
3
Let v(m) = m**2 + 12. Let l = -9 - -9. What is the tens digit of v(l)?
1
Suppose 11*b - 3*b - 864 = 0. What is the hundreds digit of b?
1
Let a(v) = v**2 - 14*v + 11. What is the tens digit of a(17)?
6
Suppose 62 - 17 = v. What is the tens digit of v?
4
Let z = 58 - -43. What is the tens digit of z?
0
Let t = -50 + 100. What is the units digit of t?
0
Suppose -2*x - 43 + 331 = 0. What is the tens digit of x?
4
Suppose -22 = 2*y - 146. Let c = y + -35. What is the units digit of c?
7
Let q be 0 - (4 + -3)*-2. Let z be (-1)/4 + (-10)/(-8). What is the units digit of q + z + (-2 - -2)?
3
Let f(d) = 4*d**3 - 15*d**2 + 2*d + 14. What is the tens digit of f(6)?
5
Let f(a) = 8 - a + 1 + 7. Let k be f(13). Suppose 4*t + k*q - 34 = 10, 0 = 4*t - 2*q - 24. What is the units digit of t?
8
Suppose 0 = -0*u + 2*u - 2. Let m = -1 + u. Suppose -3*w + 2*w + 5 = m. What is the units digit of w?
5
Let l(c) = -c**3 - 5*c**2 + 9*c + 1. Let u be l(-6). Let n = -1 - u. What is the tens digit of n?
1
Suppose 6 + 102 = -4*t. Let g = -3 - t. Suppose g = -2*f + 5*f. What is the units digit of f?
8
Let p(n) = 9*n**2 - 5*n + 1. Let t(l) = 10*l**2 - 6*l + 1. Let k(y) = 5*p(y) - 4*t(y). Suppose 0 = 4*c - 5 + 1. What is the units digit of k(c)?
5
Let q(x) = x**2 - 13*x + 17. What is the units digit of q(13)?
7
Let x(m) = 8*m - 5. Let j be x(-4). Let p = 22 + j. Let t = p + 21. What is the units digit of t?
6
Let s = 805 + -505. What is the units digit of s?
0
Let a(i) be the second derivative of 1/2*i**3 - 1/20*i**5 + 3*i + 0 + 2/3*i**4 - 11/2*i**2. What is the units digit of a(8)?
3
Suppose 2*f = -3*t - 20, -4*f = -4*t - 6*f - 24. Let y be -3*(0 + (-20)/(-6)). Let u = t - y. What is the units digit of u?
6
Let d(l) = -l**2 - 13*l - 1. Let k be d(-10). Suppose 0*g - k = -g. Let w = g + -19. What is the tens digit of w?
1
What is the units digit of 6*(-4)/(-6)*(-54)/(-2)?
8
Suppose -2*b + 16 = -2*p, 4*p + 26 + 18 = 5*b. What is the units digit of 9/b - 1/(-4)?
1
Suppose -z + 12*z = 803. What is the units digit of z?
3
Let p(m) = -m + 17. Let l be p(12). Suppose g + 0 = l. What is the units digit of g?
5
What is the units digit of 0 + 1 + (208 - -2)?
1
Let n = -8 + 33. What is the tens digit of n?
2
Let i(d) = 4*d. Let n be i(2). Suppose -2*m - 5 = -3*r + n*r, 2*m = -10. What is the units digit of 2 + 0/(-1) + r?
3
Let q(g) = -6*g**3 - 8*g**2 - 2*g + 6. What is the tens digit of q(-3)?
0
Suppose 0 = 14*z - 9*z - 90. What is the tens digit of z?
1
Let u(x) = -19*x - 6. Let o be u(-4). Suppose -t - o = -6*t. What is the tens digit of t?
1
Let u(j) = j - 1. Let o be u(2). Let g be 0/(0 - (0 + o)). Suppose -3*a + 4 + 5 = g. What is the units digit of a?
3
Let j = 3 - -1. Let i = j - -3. What is the units digit of i?
7
Let t = 122 - 68. What is the units digit of t?
4
What is the units digit of 43/1 - (2 + -1)?
2
Let s = -5 + 36. What is the units digit of s?
1
Let f = 17 - 16. What is the units digit of f?
1
Let a(i) = i - 11. Let g be a(8). What is the units digit of g*-3*(-3)/(-3)?
9
Let z = -2 - -4. Suppose -30 = -0*h - z*h. What is the units digit of h?
5
Let h = 60 + -7. What is the units digit of h?
3
Let r be (-38)/(0/2 - 2). Suppose 5*g - 7*g - 26 = 0. Let s = r + g. What is the units digit of s?
6
Let n(a) be the first derivative of -a**3/3 + 7*a**2/2 - 7*a + 2. What is the units digit of n(5)?
3
Suppose -21 - 9 = 2*n. Let a = -6 - n. Let y = -2 + a. What is the units digit of y?
7
Let u = 196 - 123. What is the tens digit of u?
7
Let h be (1 - -1) + (-2)/(-1). Suppose -4*m + 4*q + 56 = 0, m - h = -q - 0. What is the units digit of m?
9
What is the hundreds digit of (13/39)/(2/654)?
1
Suppose -3*t + 29 = -28. What is the tens digit of t?
1
Suppose 0 = 2*l - 4*l + 6, 5*l = h + 10. Suppose -h*n + 48 - 2 = -p, -n - 6 = -4*p. What is the tens digit of n?
1
Let f be ((-6)/15)/(2/(-10)). Let i(o) = -o**3 + 3*o**2 + 6*o - 5. Let t be i(4). Suppose f*h - h = t. What is the units digit of h?
3
Suppose 3*o - 172 = -5*r, 5*r + o - 184 = -10. What is the tens digit of (-14)/r + (-134)/(-10)?
1
Let u be (-2 - -4)*6/4. Suppose -6*j + j + 14 = 3*q, u*q - 6 = 3*j. Suppose b = q*b - 4. What is the units digit of b?
2
Let b = -2 - 2. Suppose m = 2*m - 4. Let g = m - b. What is the units digit of g?
8
Suppose -4*g - 15 = g. Let j(y) = y**3 + 3*y**2 - 2*y - 2. Let r be j(g). Suppose 0*i = -r*i + 20. What is the units digit of i?
5
Let a(x) = 100*x - 7. What is the tens digit of a(2)?
9
Let r(j) = -j**2 - 6*j - 2. Let b be r(-5). Suppose -5*l + b*l + 10 = 0. Suppose 2*t - 4*t - 3*a = -13, 0 = t + a - l. What is the units digit of t?
2
Let u = -11 - -21. Suppose 4*n - u = 3*n. Let b(r) = r**2 - 9*r + 2. What is the tens digit of b(n)?
1
Let k(y) be the first derivative of y**4/4 - y**3 - 3*y**2/2 + y - 1. Let u = -5 - -9. What is the units digit of k(u)?
5
Let u(y) = y**3 + 6*y**2 + 2*y. Let d be u(-3). Let t = d - 3. Suppose -t = 5*v - 7*v. What is the units digit of v?
9
What is the units digit of ((-22)/(-6))/((-3)/(-9))?
1
Let g(o) = o + 7. Let x be g(-6). Let j(p) = 2*p - 1. What is the units digit of j(x)?
1
Suppose -g - 955 = 3*z + 172, 2*g = -2*z - 758. What is the units digit of z/(-14) + (-4)/(-14)?
7
Let g(j) = 5*j - 4 - j**2 - 4*j + 2 + 3 - 5*j**3. Let h be g(-1). Suppose 3*m + 5*f = -0*m + 4, 0 = -m - f + h. What is the units digit of m?
8
Let a(o) = -o**3 + o**2 + o - 2. Let x be a(2). Let d = x - -11. Suppose 7 = y - d. What is the tens digit of y?
1
Suppose -2*j = -0*j - 2*r - 6, -2*r = -3*j + 9. Suppose j*c + 5*d = 50, c + d = 14 - 0. What is the units digit of c?
0
What is the tens digit of 1/(1*3/111)?
3
Let a = 3 + -1. Suppose -2*w = -4*w + a. Suppose -2*f + w = -5. What is the units digit of f?
3
Let n = -8 - -9. Let x be (n/2)/(2/12). What is the units digit of (x/(-6))/(2/(-28))?
7
Let c(d) be the second derivative of -d**5/20 - d**4/12 - d**3/6 - d**2/2 + 6*d. What is the units digit of c(-2)?
5
What is the tens digit of (3/6)/(3/72)?
1
Let i be (-1)/(-4) + 13/(-4). Let y be i/4*(-16)/(-4). What is the units digit of 5/y*(3 - 6)?
5
Let x = 3 + 1. Suppose 4 = -x*b + 24. Suppose 5*i = 2*q + 19, -b*q + 2 = 12. What is the units digit of i?
3
Suppose l = 4 - 0. Suppose 0 = 4*f + 4*b - 120, -l*f + 120 = -0*b + b. What is the tens digit of f?
3
Let y(g) = -g**2 + 2*g + 4. Let z be y(6). Let l = z + 51. What is the units digit of l?
1
Suppose -4*u + 330 = 2*u. What is the tens digit of u?
5
Suppose 0 = 5*i - 4 - 1. Suppose -a = 4, 27 + i = -2*j - 3*a. What is the units digit of (-34)/j - 2/8?
4
Let v(a) = -6*a - a + 2*a + 0*a. What is the units digit of v(-1)?
5
Suppose 0 = -m + 73 - 7. What is the tens digit of m?
6
Suppose 5*o - 10 = 3*o. Suppose -o*a + 62 = -43. What is the tens digit of a?
2
Let a = 3 - 0. Suppose 4*n - 2 - 22 = -4*g, -2*g - 18 = -a*n. What is the units digit of n?
6
Suppose -3*r + 6 + 6 = 0. Suppose -r*j + 73 = -55. What is the units digit of j?
2
Let h(p) = 1 + 5 - 2*p**2 + p**2 + 7*p. Suppose -5*r + k = -32, 2*r - 34 = -2*r + 5*k. What is the tens digit of h(r)?
1
Let c(i) = i**2 - 5*i + 1. Let y(l) = -6*l. Let t be y(-1). What is the units digit of c(t)?
7
Let w = -1 - -1. Suppose -2*z + 25 = -b, z + b - 12 - 5 = w. What is the units digit of z?
4
Let q(d) be the first derivative of d**4/4 + 2*d**3/3 - 3*d**2/2 + 1. Let c be q(-3). Suppose -2*u - 1 + 7 = c. What is the units digit of u?
3
Let i(k) = 12*k - 24. What is the tens digit of i(18)?
9
Suppose -x + 9*s = 4*s + 18, -3*x + 4*s - 10 = 0. Let u = 4 - x. What is the units digit of ((-3)/u)/(1/(-6))?
9
Let s = 4 + -2. Let j(q) = -5 + 3*q - s*q - 12*q**2 + q**3 + 3*q**2. What is the units digit of j(9)?
4
Let j(u) =